ase 7, what is -3 - 2604?
-2610
In base 13, what is -14 - 2?
-16
In base 10, what is 16 - 18?
-2
In base 6, what is -1 - -11202?
11201
In base 10, what is -4134 - 1?
-4135
In base 9, what is 5 + 8506?
8512
In base 4, what is -1 + -1000?
-1001
In base 13, what is 4 + 475?
479
In base 6, what is 2 + -155?
-153
In base 6, what is 1 + -454?
-453
In base 11, what is 5 + 2a?
34
In base 2, what is 100101 + -1000011100?
-111110111
In base 13, what is -3 + 2a?
27
In base 3, what is -210 + 100011?
22101
In base 2, what is 10001010110001 - -1?
10001010110010
In base 16, what is -b + -3?
-e
In base 7, what is 3 + 2166?
2202
In base 9, what is 7 + 50?
57
In base 10, what is -985 + 1?
-984
In base 14, what is 11 + -9a?
-89
In base 8, what is 12 - 163?
-151
In base 14, what is -2 + -6c5?
-6c7
In base 11, what is 57 + -82?
-26
In base 5, what is 121 - 111?
10
In base 8, what is -456 + 3?
-453
In base 11, what is 13 - 362?
-34a
In base 11, what is 6 + -1841?
-1836
In base 12, what is 1164 + 0?
1164
In base 15, what is -77 + -7?
-7e
In base 11, what is -3a9 + -5?
-403
In base 8, what is -1 - 11?
-12
In base 11, what is -1761 - -2?
-175a
In base 14, what is 75 - -2?
77
In base 11, what is 18 - -9?
26
In base 10, what is 0 - -1228?
1228
In base 15, what is 13 - 0?
13
In base 9, what is -5 + -2553?
-2558
In base 2, what is -1000111 + -11011000?
-100011111
In base 3, what is 121102 + 102?
121211
In base 5, what is -12 + -1343?
-1410
In base 15, what is -21 - 5?
-26
In base 9, what is -13 + 85?
72
In base 14, what is -5 - 2?
-7
In base 12, what is -3 + -25b?
-262
In base 4, what is 1131 - 1223?
-32
In base 14, what is 4 - 39?
-35
In base 14, what is -673 - 4?
-677
In base 10, what is 108 + 4?
112
In base 7, what is -612 - -10?
-602
In base 13, what is -2 + 4?
2
In base 4, what is 2 + -120000?
-113332
In base 14, what is 164 + -7?
15b
In base 7, what is -5 + -154?
-162
In base 12, what is 38 - 2?
36
In base 5, what is 2412 - 2?
2410
In base 5, what is 2202 - -4?
2211
In base 4, what is -1022 + 3?
-1013
In base 15, what is -1 + -704?
-705
In base 2, what is -100010 + -1101?
-101111
In base 14, what is d + -133?
-124
In base 13, what is 28 + -38?
-10
In base 6, what is -21 + 502?
441
In base 11, what is -3 + -90?
-93
In base 4, what is -1322 + -10?
-1332
In base 12, what is -b + -2?
-11
In base 8, what is 2 + -11230?
-11226
In base 8, what is 42 - -1?
43
In base 11, what is 337a + -5?
3375
In base 6, what is -203 - -20?
-143
In base 8, what is 4 - -2651?
2655
In base 9, what is -5527 - 0?
-5527
In base 9, what is 3 + 86?
100
In base 9, what is 201 - 13?
177
In base 9, what is -4021 + -4?
-4025
In base 6, what is 145 + -3?
142
In base 8, what is 55 - -4?
61
In base 9, what is -118 - 4?
-123
In base 14, what is 4 + 4d?
53
In base 6, what is -2 - 2?
-4
In base 15, what is -28 - 11?
-39
In base 6, what is 2041 - -12?
2053
In base 15, what is 0 - -51?
51
In base 10, what is 2425 - 7?
2418
In base 7, what is -1205 + -5?
-1213
In base 3, what is 0 - -20?
20
In base 16, what is 0 - 4f?
-4f
In base 4, what is 0 + -1120?
-1120
In base 12, what is -1906 - -4?
-1902
In base 13, what is 0 + 5ac?
5ac
In base 8, what is -32 + 415?
363
In base 3, what is 100212212 + -10?
100212202
In base 4, what is 2231 + 1?
2232
In base 11, what is 12 + 10?
22
In base 13, what is 45 - 0?
45
In base 3, what is -11 - -1220101?
1220020
In base 2, what is -110111111100100 + -11?
-110111111100111
In base 9, what is -104 - 0?
-104
In base 15, what is -2 - 107?
-109
In base 14, what is 4 - -41?
45
In base 14, what is 4 + -498?
-494
In base 8, what is 441 - 6?
433
In base 7, what is 120 - 4?
113
In base 9, what is 5 - -133?
138
In base 16, what is 3 - -26?
29
In base 2, what is -111 - -111?
0
In base 5, what is 43 - -23?
121
In base 6, what is 2251 - 2?
2245
In base 15, what is -b5 + b0?
-5
In base 15, what is 3 - -69?
6c
In base 5, what is -2 + 2?
0
In base 7, what is 13 + 263?
306
In base 13, what is 1b5 + 0?
1b5
In base 6, what is 4 - 52?
-44
In base 7, what is 5 - -51?
56
In base 2, what is -11101110 - -1?
-11101101
In base 9, what is -75 + 5?
-70
In base 16, what is 4 - 12?
-e
In base 6, what is 4 - 43?
-35
In base 14, what is 5b - 5?
56
In base 4, what is 130333 + 0?
130333
In base 14, what is 2c + -20?
c
In base 2, what is -101 - 100100011?
-100101000
In base 9, what is -5 + -160?
-165
In base 15, what is -58 - 0?
-58
In base 6, what is -4515 + -2?
-4521
In base 5, what is 0 - 230221?
-230221
In base 5, what is -4 + -2301?
-2310
In base 9, what is 10488 - -2?
10501
In base 3, what is 11 - 10222122?
-10222111
In base 16, what is 0 - -190?
190
In base 2, what is 11010 + 110111?
1010001
In base 2, what is 110 + 10111?
11101
In base 15, what is 1cc - -5?
1d2
In base 4, what is -3230 - 2?
-3232
In base 2, what is -10010 - 10001?
-100011
In base 5, what is -3 - -1112?
1104
In base 13, what is 20 + -3?
1a
In base 15, what is 20 - 1c?
3
In base 14, what is 6479 + -2?
6477
In base 11, what is -165 - -5?
-160
In base 16, what is 85 - b?
7a
In base 14, what is 0 + 27?
27
In base 10, what is 1 - -15?
16
In base 12, what is 3 - -35?
38
In base 7, what is 155 - -11?
166
In base 15, what is 3 + 114e?
1152
In base 7, what is 106 + 5?
114
In base 16, what is -e75 - 5?
-e7a
In base 2, what is -10001110100110 + -101?
-10001110101011
In base 8, what is -137 - 745?
-1104
In base 13, what is 497 + -3?
494
In base 13, what is -127 + -4?
-12b
In base 5, what is -2 - 13?
-20
In base 10, what is 3 + -9?
-6
In base 4, what is 1 - 11131?
-11130
In base 4, what is -113222 + -11?
-113233
In base 2, what is -10001111 + -100?
-10010011
In base 13, what is -1c + 4?
-18
In base 2, what is -1011110 - 110100?
-10010010
In base 5, what is -3 + -3242?
-3300
In base 9, what is -1405 + -37?
-1443
In base 6, what is 452 + -2?
450
In base 7, what is -1012 - 3?
-1015
In base 3, what is -211122 - 10?
-211202
In base 3, what is -100211012 - -1?
-100211011
In base 10, what is 4 + 15?
19
In base 13, what is -9 + c?
3
In base 16, what is 432 + 6?
438
In base 3, what is 12120102 - 10?
12120022
In base 10, what is -7 + -48?
-55
In base 14, what is a + 17?
23
In base 12, what is -103 - 1?
-104
In base 12, what is 10 + 22?
32
In base 6, what is 101 + -21?
40
In base 4, what is 11 + 201200?
201211
In base 2, what is -11 + 1101001?
1100110
In base 6, what is 1030 - 143?
443
In base 9, what is 104 + 5?
110
In base 6, what is 44 + -102?
-14
In base 7, what is -4 - -652?
645
In base 14, what is 19b - 2?
199
In base 5, what is 0 + 1301?
1301
In base 16, what is -1 - f?
-10
In base 11, what is 2577 - 5?
2572
In base 5, what is -20404 - -1?
-20403
In base 12, what is -50 + 5?
-47
In base 11, what is -a16 + -6?
-a21
In base 10, what is -1 - 566?
-567
In base 16, what is 14 + 15?
29
In base 8, what is 34 + 4?
40
In base 14, what is -7 - -2c?
25
In base 6, what is 110 + -4?
102
In base 8, what is 1316 + 3?
1321
In base 11, what is -2 + -1a4?
-1a6
In base 10, what is -5 + 759?
754
In base 9, what is -2 + 80?
77
In base 15, what is -51d + -6?
-524
In base 14, what is -95 + -2?
-97
In base 14, what is 5 - 8?
-3
In base 14, what is 0 - -28?
28
In base 3, what is -12 + 10101?
10012
In base 12, what is b2 - 3?
ab
In base 9, what is 26 - 58?
-32
In base 16, what is -91 + -1?
-92
In base 15, what is 0 + -45?
-45
In base 15, what is -11 + -d9?
-ea
In base 2, what is -10 + -1100?
-1110
In base 2, what is 11100001 - -100?
11100101
In base 8, what is 4 + -142?
-136
In base 4, what is 2 - 220?
-212
In base 11, what is -197 - 2?
-199
In base 4, what is -1132220 - 1?
-1132221
In base 4, what is 10 + -103020?
-103010
In base 15, what is 5 + -789?
-784
In base 2, what is 101 - 1001101?
-1001000
In base 14, what is 1169 - -2?
116b
In base 6, what is -4 + -4041?
-4045
In base 10, what is -2405 - -3?
-2402
In base 13, what is -7b - 16?
-94
In base 10, what is -7998 + 5?
-7993
In base 7, what is -334 + 1?
-333
In base 2, what is 10010101 - 100?
10010001
In base 10, what is -3 - 72?
-75
In base 4, what is 10 + -302?
-232
In base 4, what is 1312331 - 3?
1312322
In base 15, what is 1d - 6?
17
In base 14, what is d8 + -c?
ca
In base 16, what is 1ac + -4?
1a8
In base 3, what is 1012111 + 121?
1020002
In base 5, what is -21 - 402?
-423
In base 3, what is -121110 + -12?
-121122
In bas